-- https://www.phpmyadmin.net/
--
-- Tempo de geração: 29/06/2026 às 16:03
-- Versão do servidor: 10.4.32-MariaDB
-- Versão do PHP: 8.2.12

START TRANSACTION;



--
-- Banco de dados: `conheca_extrema`
--

-- --------------------------------------------------------

--
-- Estrutura para tabela `banners_home`
--

CREATE TABLE `banners_home` (
  `id` int(11) NOT NULL,
  `titulo` varchar(180) NOT NULL,
  `subtitulo` varchar(255) DEFAULT NULL,
  `imagem` varchar(255) DEFAULT NULL,
  `botao_texto` varchar(80) DEFAULT NULL,
  `botao_link` varchar(255) DEFAULT NULL,
  `ordem` int(11) DEFAULT 0,
  `ativo` tinyint(1) DEFAULT 1,
  `criado_em` datetime DEFAULT current_timestamp()
) ENGINE=InnoDB DEFAULT CHARSET=utf8mb4 COLLATE=utf8mb4_unicode_ci;

-- --------------------------------------------------------

--
-- Estrutura para tabela `categorias_empresas`
--

CREATE TABLE `categorias_empresas` (
  `id` int(11) NOT NULL,
  `nome` varchar(120) NOT NULL,
  `icone` varchar(80) DEFAULT NULL,
  `tipo` enum('GASTRONOMIA','COMERCIO','SERVICO','HOSPEDAGEM','OUTRO') DEFAULT 'COMERCIO',
  `ativo` tinyint(1) DEFAULT 1,
  `ordem` int(11) DEFAULT 0
) ENGINE=InnoDB DEFAULT CHARSET=utf8mb4 COLLATE=utf8mb4_unicode_ci;

--
-- Despejando dados para a tabela `categorias_empresas`
--

INSERT INTO `categorias_empresas` (`id`, `nome`, `icone`, `tipo`, `ativo`, `ordem`) VALUES
(1, 'Restaurantes', 'fa-utensils', 'GASTRONOMIA', 1, 1),
(2, 'Cafeterias', 'fa-mug-hot', 'GASTRONOMIA', 1, 2),
(3, 'Bares', 'fa-martini-glass-citrus', 'GASTRONOMIA', 1, 3),
(4, 'Hotéis e Pousadas', 'fa-hotel', 'HOSPEDAGEM', 1, 4),
(5, 'Comércio Local', 'fa-store', 'COMERCIO', 1, 5),
(6, 'Serviços', 'fa-briefcase', 'SERVICO', 1, 6),
(7, 'Artesanato e Produtos Locais', 'fa-basket-shopping', 'COMERCIO', 1, 7);

-- --------------------------------------------------------

--
-- Estrutura para tabela `categorias_eventos`
--

CREATE TABLE `categorias_eventos` (
  `id` int(11) NOT NULL,
  `nome` varchar(120) NOT NULL,
  `icone` varchar(80) DEFAULT NULL,
  `cor` varchar(30) DEFAULT '#2563eb',
  `ativo` tinyint(1) DEFAULT 1,
  `ordem` int(11) DEFAULT 0
) ENGINE=InnoDB DEFAULT CHARSET=utf8mb4 COLLATE=utf8mb4_unicode_ci;

--
-- Despejando dados para a tabela `categorias_eventos`
--

INSERT INTO `categorias_eventos` (`id`, `nome`, `icone`, `cor`, `ativo`, `ordem`) VALUES
(1, 'Cultural', 'fa-masks-theater', '#7c3aed', 1, 1),
(2, 'Show', 'fa-music', '#db2777', 1, 2),
(3, 'Esportivo', 'fa-futbol', '#16a34a', 1, 3),
(4, 'Feira', 'fa-shop', '#f59e0b', 1, 4),
(5, 'Infantil', 'fa-child-reaching', '#0ea5e9', 1, 5),
(6, 'Religioso', 'fa-church', '#64748b', 1, 6),
(7, 'Institucional', 'fa-building-columns', '#2563eb', 1, 7);

-- --------------------------------------------------------

--
-- Estrutura para tabela `categorias_turismo`
--

CREATE TABLE `categorias_turismo` (
  `id` int(11) NOT NULL,
  `nome` varchar(120) NOT NULL,
  `icone` varchar(80) DEFAULT NULL,
  `descricao` text DEFAULT NULL,
  `ativo` tinyint(1) DEFAULT 1,
  `ordem` int(11) DEFAULT 0
) ENGINE=InnoDB DEFAULT CHARSET=utf8mb4 COLLATE=utf8mb4_unicode_ci;

--
-- Despejando dados para a tabela `categorias_turismo`
--

INSERT INTO `categorias_turismo` (`id`, `nome`, `icone`, `descricao`, `ativo`, `ordem`) VALUES
(1, 'Natureza', 'fa-leaf', 'Locais para contemplar a natureza e relaxar.', 1, 1),
(2, 'Trilhas', 'fa-person-hiking', 'Caminhadas, aventuras e contato com a serra.', 1, 2),
(3, 'Cachoeiras', 'fa-water', 'Quedas d’água, paisagens e experiências naturais.', 1, 3),
(4, 'Mirantes', 'fa-mountain-sun', 'Vista panorâmica e pontos instagramáveis.', 1, 4),
(5, 'Cultura e História', 'fa-landmark', 'Patrimônio, memória e identidade local.', 1, 5),
(6, 'Família', 'fa-children', 'Passeios tranquilos para todas as idades.', 1, 6);

-- --------------------------------------------------------

--
-- Estrutura para tabela `configuracoes_site`
--

CREATE TABLE `configuracoes_site` (
  `id` int(11) NOT NULL,
  `nome_site` varchar(150) DEFAULT 'Conheça Extrema',
  `slogan` varchar(255) DEFAULT 'Natureza, cultura, turismo e experiências em um só lugar',
  `descricao_home` text DEFAULT NULL,
  `telefone` varchar(50) DEFAULT NULL,
  `whatsapp` varchar(50) DEFAULT NULL,
  `email` varchar(150) DEFAULT NULL,
  `endereco` varchar(255) DEFAULT NULL,
  `instagram` varchar(255) DEFAULT NULL,
  `facebook` varchar(255) DEFAULT NULL,
  `youtube` varchar(255) DEFAULT NULL,
  `logo` varchar(255) DEFAULT NULL,
  `favicon` varchar(255) DEFAULT NULL,
  `criado_em` datetime DEFAULT current_timestamp(),
  `atualizado_em` datetime DEFAULT NULL
) ENGINE=InnoDB DEFAULT CHARSET=utf8mb4 COLLATE=utf8mb4_unicode_ci;

--
-- Despejando dados para a tabela `configuracoes_site`
--

INSERT INTO `configuracoes_site` (`id`, `nome_site`, `slogan`, `descricao_home`, `telefone`, `whatsapp`, `email`, `endereco`, `instagram`, `facebook`, `youtube`, `logo`, `favicon`, `criado_em`, `atualizado_em`) VALUES
(1, 'Conheça Extrema', 'Descubra experiências, eventos, turismo e tudo que acontece na cidade', 'Portal oficial para visitantes e cidadãos conhecerem os pontos turísticos, eventos, comércios, serviços e informações úteis da cidade de Extrema.', '(35) 3435-1911', '553534351911', 'turismo@extrema.mg.gov.br', 'Extrema - Minas Gerais', NULL, NULL, NULL, NULL, NULL, '2026-06-25 10:31:03', NULL);

-- --------------------------------------------------------

--
-- Estrutura para tabela `empresas`
--

CREATE TABLE `empresas` (
  `id` int(11) NOT NULL,
  `categoria_id` int(11) DEFAULT NULL,
  `tipo_local` varchar(50) DEFAULT NULL,
  `nome` varchar(180) NOT NULL,
  `slug` varchar(200) NOT NULL,
  `resumo` varchar(255) DEFAULT NULL,
  `descricao` text DEFAULT NULL,
  `logo` varchar(255) DEFAULT NULL,
  `imagem_capa` varchar(255) DEFAULT NULL,
  `endereco` varchar(255) DEFAULT NULL,
  `bairro` varchar(120) DEFAULT NULL,
  `latitude` decimal(10,8) DEFAULT NULL,
  `longitude` decimal(11,8) DEFAULT NULL,
  `telefone` varchar(50) DEFAULT NULL,
  `whatsapp` varchar(50) DEFAULT NULL,
  `email` varchar(150) DEFAULT NULL,
  `instagram` varchar(255) DEFAULT NULL,
  `facebook` varchar(255) DEFAULT NULL,
  `site` varchar(255) DEFAULT NULL,
  `horario_funcionamento` varchar(180) DEFAULT NULL,
  `faixa_preco` enum('$','$$','$$$','$$$$','CONSULTAR') DEFAULT 'CONSULTAR',
  `delivery` tinyint(1) DEFAULT 0,
  `reserva` tinyint(1) DEFAULT 0,
  `acessivel` tinyint(1) DEFAULT 0,
  `pet_friendly` tinyint(1) DEFAULT 0,
  `estacionamento` tinyint(1) DEFAULT 0,
  `destaque` tinyint(1) DEFAULT 0,
  `ativo` tinyint(1) DEFAULT 1,
  `aprovado` tinyint(1) DEFAULT 1,
  `visualizacoes` int(11) DEFAULT 0,
  `criado_em` datetime DEFAULT current_timestamp(),
  `atualizado_em` datetime DEFAULT NULL
) ENGINE=InnoDB DEFAULT CHARSET=utf8mb4 COLLATE=utf8mb4_unicode_ci;

--
-- Despejando dados para a tabela `empresas`
--

INSERT INTO `empresas` (`id`, `categoria_id`, `tipo_local`, `nome`, `slug`, `resumo`, `descricao`, `logo`, `imagem_capa`, `endereco`, `bairro`, `latitude`, `longitude`, `telefone`, `whatsapp`, `email`, `instagram`, `facebook`, `site`, `horario_funcionamento`, `faixa_preco`, `delivery`, `reserva`, `acessivel`, `pet_friendly`, `estacionamento`, `destaque`, `ativo`, `aprovado`, `visualizacoes`, `criado_em`, `atualizado_em`) VALUES
(1, 4, 'hotel', 'Hotel Villa Lobos Spa Romantik', 'hotel-villa-lobos-spa-romantik-extrema-mg', 'O Hotel Villa Lobos Spa Romantik, localizado em Extrema - MG, é um dos hotéis mais conhecidos da região, oferecendo uma experiência voltada ao conforto, romantismo e bem-estar.', 'Um dos hotéis mais conhecidos da região, o Villa Lobos Spa Romantik é um resort boutique voltado ao bem-estar e experiências românticas. O grande destaque é o Spa Romantik, um circuito completo de águas com piscinas aquecidas, hidromassagens, saunas e ofurôs, pensado para relaxamento e casais.\r\n\r\nO ambiente combina natureza, conforto e sofisticação, com suítes modernas, restaurante próprio de culinária internacional e áreas de lazer com vista para a Serra da Mantiqueira. É um destino muito procurado para lua de mel, finais de semana românticos e descanso premium.', 'logo_6a3d3fa5988ed0.14117662.jpg', 'empresa_6a3d3fa598ae85.86485351.jpg', 'Av. Delegado Waldemar Gomes Pinto, 1407 – Ponte Nova, Extrema/MG', 'Ponte Nova', -22.84230660, -46.32961590, '(35) 3100-0300', '(35) 99111-0426', 'reservas@hotelvillalobos.com.br', '@hotelvillalobos', '', 'https://hotelvillalobos.com.br', '24H', 'CONSULTAR', 0, 1, 0, 0, 1, 0, 1, 1, 0, '2026-06-25 11:48:05', '2026-06-26 14:15:22'),
(2, 4, 'hotel', 'Hotel Flamboyant - Extrema/MG', 'hotel-flamboyant-extrema-mg', 'O Hotel Flamboyant de Extrema é um hotel estratégico às margens da Rodovia Fernão Dias, ideal para hospedagem de passagem ou lazer, oferecendo estrutura com restaurante, piscina, café da manhã e fácil acesso entre São Paulo e Minas Gerais.', 'O Hotel Flamboyant é um dos principais meios de hospedagem de Extrema, muito utilizado por viajantes que estão entre São Paulo e Minas Gerais. Com localização privilegiada na Fernão Dias, o hotel funciona 24 horas e oferece estrutura completa para estadias curtas ou longas.\r\n\r\nO espaço conta com apartamentos, restaurante próprio, café da manhã típico mineiro, piscina, estacionamento gratuito e áreas de lazer. Também recebe eventos e grupos, sendo uma opção prática tanto para turismo quanto para negócios.\r\n\r\nPor estar em ponto estratégico da cidade, é muito procurado em períodos de alta demanda turística e eventos locais, como festas e festivais. O ambiente é simples, funcional e focado em praticidade e custo-benefício.', 'logo_6a3d670cb75ed2.94295718.png', 'empresa_6a3d670cb791b0.88208035.jpg', 'Rodovia Fernão Dias, Km 942 – Bairro dos Tenentes Extrema – MG, CEP 37640-000', 'TENENTES', -22.83588670, -46.31891920, '(35) 3435-4743', '(35) 9 9201-0082', 'reservas@hotelflamboyantextrema.com.br', '@hotelflamboyantextrema', '', 'https://hotelflamboyantextrema.com.br', '24 horas (hotel e recepção)', 'CONSULTAR', 0, 1, 0, 0, 1, 0, 1, 1, 0, '2026-06-25 14:36:12', '2026-06-26 14:15:28'),
(3, 1, 'pizzaria', 'Nápoles Bistrô e Pizzaria', 'napoles-bistro-e-pizzaria', 'A Pizzaria Nápoles de Extrema é uma das pizzarias mais tradicionais da cidade, conhecida pelo ambiente acolhedor, forno a lenha e pizzas artesanais com sabores variados, sendo ponto popular para famílias, casais e encontros entre amigos.', 'A Pizzaria Nápoles é uma das casas gastronômicas mais conhecidas de Extrema, oferecendo uma experiência que combina sabor, conforto e atendimento acolhedor. Seu destaque é a pizza artesanal assada em forno a lenha, com massa leve e ingredientes selecionados.\r\n\r\nO ambiente é familiar e aconchegante, ideal para jantares, comemorações e encontros. O cardápio vai além das pizzas tradicionais, incluindo opções variadas de sabores, entradas e bebidas, mantendo foco na experiência gastronômica completa.\r\n\r\nLocalizada no centro da cidade, a Nápoles se tornou uma referência local, sendo muito procurada tanto por moradores quanto por turistas que passam por Extrema, especialmente por sua reputação de qualidade e bom atendimento.', 'logo_6a3d67d376c1e4.93785973.jpg', 'empresa_6a3d67d376e8c2.96725364.jpg', 'Rua Nenê, 99 – Centro Extrema – MG, CEP 37640-000', 'CENTRO', -22.85424560, -46.31752450, '(35) 3435-3335', '', '', '@pizzarianapoles', '', '', '18h30 às 23h', 'CONSULTAR', 1, 0, 0, 0, 0, 0, 1, 1, 0, '2026-06-25 14:39:31', '2026-06-26 14:10:23'),
(4, 1, 'restaurante', 'Villa Ramos Bar e Restaurante', 'villa-ramos-bar-e-restaurante', 'O Villa Ramos Bar e Restaurante é um dos restaurantes mais conhecidos de Extrema, com ambiente moderno e sofisticado, ideal para jantares, encontros e experiências gastronômicas com pratos variados e boa carta de bebidas.', 'O Villa Ramos é um restaurante e bar de destaque em Extrema, muito frequentado por moradores e turistas. O espaço combina gastronomia contemporânea, ambiente elegante e atendimento de qualidade, sendo uma das principais opções da cidade para refeições noturnas e encontros sociais.\r\n\r\nO cardápio oferece variedade de pratos, porções, carnes, massas e drinks, com foco em uma experiência gastronômica completa. O ambiente é bem decorado, com iluminação aconchegante, música ambiente e estrutura ideal para casais, famílias e grupos de amigos.\r\n\r\nPor estar localizado em uma área estratégica da cidade, o Villa Ramos se tornou um ponto de referência no turismo gastronômico local, sendo bastante procurado em fins de semana e períodos de eventos na cidade.', '', 'empresa_6a3d68dab0c1a5.83480538.jpg', 'Rua das Flores, 177 – Bairro Ponte Nova Extrema – MG, CEP 37640-000', 'PONTE NOVA', -22.85670000, -46.32450000, '(35) 3435-3321', '(35) 3435-3321', '', '@villaramos.extrema', '', '', '18h às 23h', 'CONSULTAR', 1, 0, 0, 0, 0, 0, 1, 1, 0, '2026-06-25 14:43:54', '2026-06-26 13:37:34'),
(5, 1, 'comida_mineira', 'Armazém Bertolotti', 'armazem-bertolotti', 'O Armazém Bertolotti é um dos restaurantes mais tradicionais e famosos de Extrema, conhecido pela comida mineira no fogão a lenha, ambiente rústico em meio à natureza e pratos premiados como o torresmo e o pudim caseiro.', 'O Armazém Bertolotti é um restaurante histórico e referência gastronômica em Extrema, localizado em área rural e integrado à natureza. O espaço mantém o estilo de antiga venda de fazenda, com clima rústico, acolhedor e experiência típica mineira.\r\n\r\nA casa é famosa pela culinária artesanal feita no fogão a lenha, com pratos como torresmo crocante, costelinha, feijão tropeiro, mandioca frita e sobremesas caseiras, além do icônico pudim da família Bertolotti, reconhecido nacional e internacionalmente.\r\n\r\nAlém da gastronomia, o local oferece ambiente amplo com área verde, redário, música ao vivo e estrutura para receber turistas e famílias. É considerado um dos principais pontos do roteiro gastronômico de Extrema, atraindo visitantes de várias regiões do Brasil.', 'logo_6a3d6b159e3e91.23491957.jpg', 'empresa_6a3d6b159e57b2.89375241.jpg', 'Estrada Municipal Vereador Tica Bertolotti, 1811 – Bairro Rodeio Extrema – MG, CEP 37640-000', 'RODEIO', -22.82425860, -46.30221710, '(35) 3435-4813', '(35) 99802-4121', 'contato@armazembertolotti.com.br', '@armazem_bertolotti', 'Armazém Bertolotti', 'https://roteirogastronomicoextrema.com.br/armazem-bertolotti/', '11h às 17h', 'CONSULTAR', 0, 0, 0, 0, 0, 0, 1, 1, 0, '2026-06-25 14:53:25', '2026-06-26 14:15:55'),
(6, 1, 'restaurante', 'Kagikii Sushi Extrema', 'kagikii-sushi-extrema', 'O Kagikii Sushi Extrema é um restaurante japonês da cidade, conhecido pelo rodízio de sushi, sashimi e pratos orientais, com ambiente moderno e opção de almoço e jantar.', 'O Kagikii Sushi é um restaurante de culinária japonesa em Extrema que oferece uma experiência gastronômica baseada em rodízio e pratos à la carte. O cardápio inclui sushis, sashimis, temakis, pratos quentes da culinária oriental e opções variadas de frutos do mar.\r\n\r\nO ambiente é climatizado, confortável e indicado para jantares em casal, encontros com amigos e famílias. O restaurante também se destaca por funcionar tanto no almoço quanto no jantar, sendo uma opção bastante frequentada na região da Avenida principal da cidade.\r\n\r\nÉ um dos estabelecimentos que ajudam a fortalecer a gastronomia asiática em Extrema, trazendo variedade ao circuito de restaurantes locais.', 'logo_6a3d77f9897ce8.90225447.jpg', 'empresa_6a3d77f989b6c4.54977350.jpg', 'Avenida Delegado Waldemar Gomes Pinto, 250 – Bairro Ponte Nova Extrema – MG, CEP 37640-000', 'PONTE NOVA', -22.85600000, -46.32420000, '(35) 98856-6868', '(35) 98856-6868', 'kagikiisushi@gmail.com', '', '', '', '11h30 às 15h / 19h às 23h', 'CONSULTAR', 1, 0, 0, 0, 0, 0, 1, 1, 0, '2026-06-25 15:48:25', NULL),
(7, 2, 'doceria', 'Casa Bauducco', 'casa-bauducco', 'A Casa Bauducco de Extrema é uma cafeteria e empório da famosa marca brasileira, conhecida por cafés especiais, fatias de panettone aquecidas, doces artesanais e ambiente aconchegante para pausa durante viagens ou passeios pela cidade.', 'A Casa Bauducco é uma extensão da tradicional marca Bauducco, funcionando como cafeteria e empório. Em Extrema, ela é muito procurada por viajantes da Rodovia Fernão Dias e moradores que buscam um café diferenciado em ambiente confortável.\r\n\r\nO cardápio inclui fatias de panettone e chocottone servidas quentes, cafés espresso, cappuccino, chocolates, pães artesanais, biscoitos, focaccias e sobremesas. O conceito da loja é oferecer uma experiência gastronômica rápida, mas com qualidade e identidade italiana.\r\n\r\nO espaço é moderno, bem decorado e ideal para pausas durante viagens, encontros rápidos ou café da tarde. Por estar em uma cidade de forte fluxo rodoviário, também é ponto de parada para turistas e viajantes entre São Paulo e Minas Gerais.', '', 'empresa_6a3d78c6007a85.85942391.png', 'Rua José Antônio Pereira Passos, 899 – Bairro dos Pires Extrema – MG, CEP 37640-000', 'Bairro dos Pires', -22.87300000, -46.33050000, '(11) 0800 701 1599', '(11) 0800 701 1599', '', '@casabauducco', '', 'https://www.bauducco.com.br', '07h30 às 18h30', 'CONSULTAR', 0, 0, 0, 0, 0, 0, 1, 1, 0, '2026-06-25 15:51:50', NULL),
(8, 2, 'doceria', 'Sodiê Doces', 'sodie-doces', 'A Sodiê Doces de Extrema é uma franquia da maior rede de bolos do Brasil, conhecida pelos mais de 100 sabores de bolos, doces variados, cafeteria e ambiente climatizado, ideal para sobremesas, cafés e comemorações.', 'A Sodiê Doces é uma das docerias mais conhecidas do país e, em Extrema, mantém o padrão da rede com foco em qualidade, variedade e atendimento. O cardápio oferece bolos artesanais em fatias ou inteiros, bolos gelados, opções zero açúcar, doces finos, salgados e bebidas como cafés e sucos.\r\n\r\nO ambiente é confortável, climatizado e ideal para encontros rápidos, cafés da tarde e comemorações. É muito procurada por moradores e turistas, especialmente por quem busca sobremesas prontas com qualidade e variedade.\r\n\r\nA unidade de Extrema também oferece retirada no local e atendimento rápido, sendo uma opção prática para quem está na cidade ou de passagem pela Fernão Dias.', 'logo_6a3d7984567322.71565934.jpg', 'empresa_6a3d79845689d9.26047134.webp', 'Rua Tiradentes, 29 – Centro Extrema – MG, CEP 37640-028', 'CENTRO', -22.85377070, -46.31888440, '(35) 99861-1775', '(35) 99861-1775', 'extrema@sodiedoces.com.br', '@sodiedoces', 'Sodiê Doces', 'https://www.sodiedoces.com.br', '09h00 às 19h00', 'CONSULTAR', 1, 0, 0, 0, 0, 0, 1, 1, 0, '2026-06-25 15:55:00', '2026-06-26 14:09:12'),
(9, 1, 'hamburgueria', 'Camponês Burger', 'campones-burger', 'O Camponês Burger é uma hamburgueria artesanal de Extrema, conhecida pelos hambúrgueres preparados com ingredientes selecionados, porções generosas e ambiente descontraído. É uma das opções mais procuradas da cidade para quem aprecia burgers artesanais de', 'O Camponês Burger conquistou espaço entre as principais hamburguerias de Extrema ao oferecer uma combinação de sabor, qualidade e atendimento. Seu cardápio reúne hambúrgueres artesanais preparados com carnes selecionadas, pães especiais, queijos, molhos exclusivos e ingredientes frescos, além de porções, combos e bebidas.\r\n\r\nO ambiente é moderno e acolhedor, ideal para reunir amigos, casais e famílias em uma experiência gastronômica descontraída. A casa também trabalha com atendimento para retirada e delivery, oferecendo praticidade para quem deseja saborear seus lanches em casa.\r\n\r\nCom excelente avaliação dos clientes, o Camponês Burger tornou-se uma referência para quem procura hambúrgueres artesanais em Extrema, destacando-se pelo sabor, qualidade dos ingredientes e bom custo-benefício.', 'logo_6a3e91456c4b08.79569467.jpg', 'empresa_6a3e91456c6e05.48441597.webp', 'Rua Quinze de Novembro, 115 – Centro Extrema – MG, CEP 37640-000', 'CENTRO', -22.85480000, -46.31880000, '(35) 99994-6513', '(35) 99994-6513', '', '@camponesburger', '', '', '18h45 às 23h00', 'CONSULTAR', 1, 0, 0, 0, 0, 0, 1, 1, 0, '2026-06-26 11:48:37', NULL);

-- --------------------------------------------------------

--
-- Estrutura para tabela `empresa_imagens`
--

CREATE TABLE `empresa_imagens` (
  `id` int(11) NOT NULL,
  `empresa_id` int(11) NOT NULL,
  `imagem` varchar(255) NOT NULL,
  `legenda` varchar(180) DEFAULT NULL,
  `ordem` int(11) DEFAULT 0,
  `criado_em` datetime DEFAULT current_timestamp()
) ENGINE=InnoDB DEFAULT CHARSET=utf8mb4 COLLATE=utf8mb4_unicode_ci;

-- --------------------------------------------------------

--
-- Estrutura para tabela `eventos`
--

CREATE TABLE `eventos` (
  `id` int(11) NOT NULL,
  `categoria_id` int(11) DEFAULT NULL,
  `titulo` varchar(180) NOT NULL,
  `slug` varchar(200) NOT NULL,
  `resumo` varchar(255) DEFAULT NULL,
  `descricao` text DEFAULT NULL,
  `imagem_capa` varchar(255) DEFAULT NULL,
  `local_evento` varchar(180) DEFAULT NULL,
  `endereco` varchar(255) DEFAULT NULL,
  `latitude` decimal(10,8) DEFAULT NULL,
  `longitude` decimal(11,8) DEFAULT NULL,
  `data_inicio` datetime NOT NULL,
  `data_fim` datetime DEFAULT NULL,
  `gratuito` tinyint(1) DEFAULT 1,
  `valor` varchar(80) DEFAULT NULL,
  `classificacao` varchar(80) DEFAULT NULL,
  `organizador` varchar(150) DEFAULT NULL,
  `contato` varchar(100) DEFAULT NULL,
  `link_inscricao` varchar(255) DEFAULT NULL,
  `destaque` tinyint(1) DEFAULT 0,
  `ativo` tinyint(1) DEFAULT 1,
  `visualizacoes` int(11) DEFAULT 0,
  `criado_em` datetime DEFAULT current_timestamp(),
  `atualizado_em` datetime DEFAULT NULL
) ENGINE=InnoDB DEFAULT CHARSET=utf8mb4 COLLATE=utf8mb4_unicode_ci;

--
-- Despejando dados para a tabela `eventos`
--

INSERT INTO `eventos` (`id`, `categoria_id`, `titulo`, `slug`, `resumo`, `descricao`, `imagem_capa`, `local_evento`, `endereco`, `latitude`, `longitude`, `data_inicio`, `data_fim`, `gratuito`, `valor`, `classificacao`, `organizador`, `contato`, `link_inscricao`, `destaque`, `ativo`, `visualizacoes`, `criado_em`, `atualizado_em`) VALUES
(1, 2, '39º FESTA DO PEÃO DE BOIADEIROS', '39-festa-do-peao-de-boiadeiros', 'De 11 a 20 de setembro de 2026, Extrema recebe uma das maiores e mais tradicionais festas do sul de Minas Gerais. A 39ª Festa do Peão de Boiadeiro reúne cultura sertaneja, rodeio, gastronomia, entretenimento e muita emoção em um só lugar.', 'A tradição, a emoção e a cultura sertaneja já têm data marcada para tomar conta de Extrema. De 11 a 20 de setembro de 2026, acontece a 39ª Festa do Peão de Boiadeiro de Extrema, um dos eventos mais aguardados do sul de Minas Gerais, reunindo milhares de visitantes em dias de muita festa, entretenimento e celebração das tradições do campo.\r\n\r\nReconhecida por sua grandiosa estrutura e pelo clima de confraternização, a Festa do Peão promete oferecer uma programação repleta de atrações, incluindo competições de rodeio, praça de alimentação, atividades culturais e experiências que valorizam a história e a identidade sertaneja da região. Nas últimas edições, o evento também contou com ações solidárias, apresentações musicais de destaque nacional e atrações tradicionais como o Desfile de Carro de Boi e a Queima do Alho.\r\n\r\nA edição de 2026 marca a continuidade de uma das maiores festas populares do município, mantendo viva uma tradição que atravessa gerações e movimenta a economia, o turismo e a cultura local. A programação oficial de shows e demais atrações será divulgada em breve pela organização do evento.\r\n\r\n📅 Data: 11 a 20 de setembro de 2026\r\n📍 Local: Parque de Eventos de Extrema\r\n🎟️ Programação completa e line-up: Em breve\r\n\r\nPrepare seu chapéu, reúna a família e os amigos e venha viver a emoção de uma das maiores festas do interior mineiro! 🤠🐂🎶🏆', 'evento_6a3d3d70e80739.25030524.jpeg', 'Parque de Eventos de Extrema', 'Av. Delegado Waldemar Gomes Pinto, 767 – Extrema – MG, CEP 37640-000', -22.85459000, -46.32677000, '2026-09-11 19:00:00', '2026-09-20 05:00:00', 1, 'GRATUITO', '18 ANOS', 'PREFEITURA MUNICIPAL DE EXTREMA', '(35) 3435-5859', '', 1, 1, 0, '2026-06-25 11:38:40', NULL),
(2, 1, 'EXTREMAMENTE CAIPIRA', 'extremammente-caipira', 'Evento cultural de Extrema que celebra a cultura caipira raiz, com música sertaneja, comidas típicas e atrações populares em um clima familiar e tradicional.', 'O Extremamente Caipira é um festival anual que transforma Extrema em um grande palco da cultura do interior. A programação costuma incluir moda de viola, sertanejo raiz, grupos regionais e apresentações culturais, além do tradicional Festival Sabores da Roça, onde entidades da cidade vendem pratos típicos para arrecadação solidária.\r\n\r\nO evento também tem caráter comunitário, com participação de associações locais, barracas gastronômicas e atividades voltadas para a valorização da identidade rural mineira. É um encontro entre música, tradição e gastronomia, reforçando o estilo de vida do interior do Sul de Minas.', 'evento_6a3d613de73e17.05856248.jpeg', 'Parque Municipal de Eventos de Extrema', 'Av. Delegado Waldemar Gomes Pinto – Bairro Ponte Nova – Extrema/MG', -22.85460000, -46.32680000, '2026-07-11 12:00:00', '2026-07-12 22:00:00', 1, 'GRATUITO', '12 ANOS', 'PREFEITURA DE EXTREMA', '', '', 0, 1, 0, '2026-06-25 14:11:25', '2026-06-26 11:59:43'),
(3, 2, 'FESTIVAL CONSCIÊNCIA NEGRA', 'festival-consciencia-negra', 'O Festival Consciência Negra de Extrema 2026 é um evento cultural que celebra a história, a cultura e a identidade afro-brasileira, com música, arte, gastronomia e atividades culturais em um ambiente de valorização, respeito e representatividade.', 'O Festival Consciência Negra é um dos eventos culturais mais importantes de Extrema, promovendo a valorização da cultura afro-brasileira por meio de apresentações musicais, manifestações artísticas, dança, teatro e gastronomia típica.\r\n\r\nDurante os dias de evento, o público pode vivenciar uma programação diversa, com shows, atividades educativas, oficinas culturais e ações de conscientização sobre a importância da cultura negra na formação da sociedade brasileira.\r\n\r\nO festival também é um espaço de encontro comunitário, promovendo inclusão, identidade e respeito, além de fortalecer artistas locais e regionais. É um evento que une cultura, história e celebração em um ambiente aberto e gratuito no Parque de Eventos.', 'evento_6a3d641f1df734.11825650.png', 'Parque Municipal de Eventos de Extrema', 'Av. Delegado Waldemar Gomes Pinto, 767 – Bairro Ponte Nova Extrema – MG, CEP 37640-000', -22.85460000, -46.32680000, '2026-11-16 12:00:00', '2026-11-21 22:00:00', 1, '', '18 ANOS', 'PREFEITURA DE EXTREMA', '', '', 0, 1, 0, '2026-06-25 14:23:43', NULL),
(4, 1, 'NATAL ENCANTADO 2026', 'natal-encantado-2026', 'O Natal Encantado de Extrema 2026 é um evento natalino com grande iluminação especial, atrações culturais, shows, feiras e experiências temáticas, que transforma a cidade em um cenário mágico entre novembro e janeiro.', 'O Natal Encantado é um dos maiores eventos anuais de Extrema, marcando o período natalino com uma grande decoração espalhada pela cidade. A programação inclui apresentações musicais, corais, espetáculos culturais, feira gastronômica, espaços instagramáveis e atividades para crianças, como Casa do Papai Noel e brinquedos temáticos.\r\n\r\nO destaque do evento é a iluminação natalina especial, que cobre praças, ruas e pontos turísticos, criando um ambiente imersivo e atrativo para visitantes de toda a região. Além disso, o evento costuma contar com feira noturna, gastronomia típica mineira e apresentações artísticas ao ar livre.\r\n\r\nÉ um evento pensado para toda a família, promovendo lazer, turismo e o fortalecimento da cultura local, além de impulsionar o comércio e a economia da cidade durante o período de fim de ano.', 'evento_6a3d6531b61c92.31964091.png', 'EXTREMA - MG', 'EXTREMA - MG', NULL, NULL, '2026-11-05 00:05:00', '2027-01-06 00:05:00', 1, 'GRATUITO', 'LIVRE', 'PREFEITURA DE EXTREMA', '', '', 0, 1, 0, '2026-06-25 14:27:03', '2026-06-25 14:28:17'),
(5, 6, 'CELEBRA EXTREMA 2026', 'celebra-extrema-2026', 'Evento gospel em Extrema com louvor, adoração, shows cristãos e programação religiosa, reunindo igrejas e famílias em um grande encontro de fé.', 'O Celebra Extrema é um evento cristão promovido pela cidade com o objetivo de fortalecer a união das igrejas evangélicas e proporcionar momentos de adoração coletiva. A programação inclui shows gospel, ministrações, apresentações de ministérios locais, corais, dança e atividades para toda a família.\r\n\r\nO evento também conta com mensagens religiosas, oração pela cidade e momentos de reflexão espiritual. É um encontro que valoriza a fé cristã, promove integração entre denominações e reúne moradores e visitantes em um ambiente de paz e celebração.\r\n\r\nNas edições anteriores, atrações de renome nacional do meio gospel já participaram, além de ministérios locais e regionais. A entrada costuma ser gratuita ou solidária, com arrecadação de alimentos para ações sociais.', 'evento_6a3d6624345071.57882270.png', 'Parque Municipal de Eventos de Extrema', 'Av. Delegado Waldemar Gomes Pinto, 767 – Bairro Ponte Nova Extrema – MG, CEP 37640-000', -22.85460000, -46.32680000, '2026-10-09 12:00:00', '2026-10-10 21:00:00', 1, 'GRATUITO', 'LIVRE', '', '', '', 0, 1, 0, '2026-06-25 14:32:20', NULL),
(6, 2, 'SÃO JOÃO DE EXTREMA', 'sao-joao-de-extrema', 'O São João de Extrema é uma grande festa popular no estilo nordestino, com forró, piseiro, quadrilhas, comidas típicas e shows ao vivo, realizada no Parque de Eventos e que se tornou um dos maiores eventos juninos do Sul de Minas.', 'O São João de Extrema surgiu como uma iniciativa cultural da cidade para fortalecer as tradições juninas e a valorização da cultura nordestina presente no município. Em sua edição mais recente, o evento foi realizado no Parque Municipal de Eventos de Extrema, reunindo milhares de pessoas em três dias de festa.\r\n\r\nA programação contou com grandes shows de artistas do forró e piseiro, apresentações de grupos locais, quadrilhas juninas, feira gastronômica com comidas típicas e decoração temática de arraial, criando uma experiência imersiva para o público.\r\n\r\nO evento rapidamente ganhou relevância regional, sendo considerado por muitos como o “maior São João do Sul de Minas”, movimentando o turismo, o comércio e a economia local. Além das atrações musicais, o festival também valorizou a cultura popular, promovendo integração entre moradores e visitantes.', 'evento_6a3d6a60c639b4.65006104.png', 'Parque Municipal de Eventos de Extrema', 'Av. Delegado Waldemar Gomes Pinto, 767 – Bairro Ponte Nova – Extrema/MG', -22.85460000, -46.32680000, '2026-06-05 17:00:00', '2026-06-07 22:00:00', 1, '', '18 ANOS', 'PREFEITURA DE EXTREMA', '', '', 0, 1, 0, '2026-06-25 14:50:24', NULL);

-- --------------------------------------------------------

--
-- Estrutura para tabela `faq`
--

CREATE TABLE `faq` (
  `id` int(11) NOT NULL,
  `pergunta` varchar(255) NOT NULL,
  `resposta` text NOT NULL,
  `categoria` varchar(120) DEFAULT NULL,
  `ativo` tinyint(1) DEFAULT 1,
  `ordem` int(11) DEFAULT 0
) ENGINE=InnoDB DEFAULT CHARSET=utf8mb4 COLLATE=utf8mb4_unicode_ci;

--
-- Despejando dados para a tabela `faq`
--

INSERT INTO `faq` (`id`, `pergunta`, `resposta`, `categoria`, `ativo`, `ordem`) VALUES
(1, 'O que fazer em Extrema?', 'Extrema oferece opções de turismo de natureza, gastronomia, eventos culturais, trilhas, mirantes e experiências para toda a família.', 'Turismo', 1, 1),
(2, 'Onde encontro eventos da cidade?', 'A agenda de eventos e o calendário cultural ficam disponíveis no portal, com datas, locais e informações completas.', 'Eventos', 1, 2),
(3, 'Como cadastrar minha empresa no portal?', 'O cadastro de empresas poderá ser realizado mediante análise e aprovação da administração do portal.', 'Empresas', 1, 3);

-- --------------------------------------------------------

--
-- Estrutura para tabela `mensagens_contato`
--

CREATE TABLE `mensagens_contato` (
  `id` int(11) NOT NULL,
  `nome` varchar(150) NOT NULL,
  `email` varchar(150) DEFAULT NULL,
  `telefone` varchar(50) DEFAULT NULL,
  `assunto` varchar(180) DEFAULT NULL,
  `mensagem` text NOT NULL,
  `status` enum('NOVA','LIDA','RESPONDIDA','ARQUIVADA') DEFAULT 'NOVA',
  `criado_em` datetime DEFAULT current_timestamp()
) ENGINE=InnoDB DEFAULT CHARSET=utf8mb4 COLLATE=utf8mb4_unicode_ci;

-- --------------------------------------------------------

--
-- Estrutura para tabela `noticias`
--

CREATE TABLE `noticias` (
  `id` int(11) NOT NULL,
  `titulo` varchar(200) NOT NULL,
  `slug` varchar(220) NOT NULL,
  `resumo` varchar(255) DEFAULT NULL,
  `conteudo` longtext DEFAULT NULL,
  `imagem_capa` varchar(255) DEFAULT NULL,
  `autor` varchar(120) DEFAULT NULL,
  `categoria` varchar(120) DEFAULT NULL,
  `destaque` tinyint(1) DEFAULT 0,
  `ativo` tinyint(1) DEFAULT 1,
  `publicado_em` datetime DEFAULT current_timestamp(),
  `atualizado_em` datetime DEFAULT NULL,
  `visualizacoes` int(11) DEFAULT 0
) ENGINE=InnoDB DEFAULT CHARSET=utf8mb4 COLLATE=utf8mb4_unicode_ci;

-- --------------------------------------------------------

--
-- Estrutura para tabela `paginas`
--

CREATE TABLE `paginas` (
  `id` int(11) NOT NULL,
  `titulo` varchar(180) NOT NULL,
  `slug` varchar(200) NOT NULL,
  `resumo` varchar(255) DEFAULT NULL,
  `conteudo` longtext DEFAULT NULL,
  `imagem_capa` varchar(255) DEFAULT NULL,
  `ativo` tinyint(1) DEFAULT 1,
  `ordem` int(11) DEFAULT 0,
  `criado_em` datetime DEFAULT current_timestamp(),
  `atualizado_em` datetime DEFAULT NULL
) ENGINE=InnoDB DEFAULT CHARSET=utf8mb4 COLLATE=utf8mb4_unicode_ci;

--
-- Despejando dados para a tabela `paginas`
--

INSERT INTO `paginas` (`id`, `titulo`, `slug`, `resumo`, `conteudo`, `imagem_capa`, `ativo`, `ordem`, `criado_em`, `atualizado_em`) VALUES
(1, 'Sobre Extrema', 'sobre-extrema', 'Conheça a história, cultura e identidade da cidade de Extrema.', 'Conteúdo institucional sobre a cidade de Extrema.', NULL, 1, 1, '2026-06-25 10:31:03', NULL),
(2, 'Como chegar', 'como-chegar', 'Veja as principais rotas e informações para chegar em Extrema.', 'Informações de acesso, localização e rotas para visitantes.', NULL, 1, 2, '2026-06-25 10:31:03', NULL),
(3, 'Guia do visitante', 'guia-do-visitante', 'Dicas úteis para quem deseja conhecer Extrema.', 'Guia com informações úteis para turistas e visitantes.', NULL, 1, 3, '2026-06-25 10:31:03', NULL);

-- --------------------------------------------------------

--
-- Estrutura para tabela `pontos_turisticos`
--

CREATE TABLE `pontos_turisticos` (
  `id` int(11) NOT NULL,
  `categoria_id` int(11) DEFAULT NULL,
  `nome` varchar(180) NOT NULL,
  `slug` varchar(200) NOT NULL,
  `resumo` varchar(255) DEFAULT NULL,
  `descricao` text DEFAULT NULL,
  `imagem_capa` varchar(255) DEFAULT NULL,
  `endereco` varchar(255) DEFAULT NULL,
  `bairro` varchar(120) DEFAULT NULL,
  `latitude` decimal(10,8) DEFAULT NULL,
  `longitude` decimal(11,8) DEFAULT NULL,
  `horario_funcionamento` varchar(180) DEFAULT NULL,
  `entrada` enum('GRATUITO','PAGO','CONSULTAR') DEFAULT 'CONSULTAR',
  `valor_entrada` varchar(80) DEFAULT NULL,
  `telefone` varchar(50) DEFAULT NULL,
  `whatsapp` varchar(50) DEFAULT NULL,
  `instagram` varchar(255) DEFAULT NULL,
  `site` varchar(255) DEFAULT NULL,
  `acessivel` tinyint(1) DEFAULT 0,
  `pet_friendly` tinyint(1) DEFAULT 0,
  `ideal_criancas` tinyint(1) DEFAULT 0,
  `estacionamento` tinyint(1) DEFAULT 0,
  `destaque` tinyint(1) DEFAULT 0,
  `ativo` tinyint(1) DEFAULT 1,
  `visualizacoes` int(11) DEFAULT 0,
  `criado_em` datetime DEFAULT current_timestamp(),
  `atualizado_em` datetime DEFAULT NULL
) ENGINE=InnoDB DEFAULT CHARSET=utf8mb4 COLLATE=utf8mb4_unicode_ci;

--
-- Despejando dados para a tabela `pontos_turisticos`
--

INSERT INTO `pontos_turisticos` (`id`, `categoria_id`, `nome`, `slug`, `resumo`, `descricao`, `imagem_capa`, `endereco`, `bairro`, `latitude`, `longitude`, `horario_funcionamento`, `entrada`, `valor_entrada`, `telefone`, `whatsapp`, `instagram`, `site`, `acessivel`, `pet_friendly`, `ideal_criancas`, `estacionamento`, `destaque`, `ativo`, `visualizacoes`, `criado_em`, `atualizado_em`) VALUES
(1, 3, 'CACHOEIRA DO SALTO', 'cachoeira-do-salto', 'A Cachoeira do Salto, em Extrema, é um dos cenários naturais mais impressionantes da região da Serra da Mantiqueira. Cercada por mata preservada, mirantes e trilhas leves, a cachoeira encanta os visitantes com sua beleza e a força de suas águas. ', 'A Cachoeira do Salto, localizada em Extrema, é um dos atrativos naturais mais visitados e admirados da região da Serra da Mantiqueira. Inserida em uma área de preservação ambiental, a cachoeira impressiona pela beleza de sua queda d’água, pela vegetação exuberante ao redor e pela atmosfera de tranquilidade que proporciona aos visitantes.\r\n\r\nO local faz parte do Parque Municipal Cachoeira do Salto, um espaço estruturado para receber turistas de todas as idades, com trilhas de fácil acesso, mirantes panorâmicos, áreas de descanso, playground, quiosques, restaurante e estacionamento. Ao percorrer os caminhos do parque, o visitante encontra diversos pontos para contemplação e fotografia, com vistas privilegiadas da cachoeira e da paisagem natural que a cerca.\r\n\r\nAlém de ser um excelente destino para quem busca contato com a natureza, a Cachoeira do Salto oferece uma experiência perfeita para passeios em família, caminhadas ao ar livre e momentos de relaxamento longe da agitação urbana. O som das águas, o ar puro da montanha e o cenário preservado transformam a visita em uma experiência memorável, tornando o local uma parada obrigatória para quem visita Extrema.\r\n\r\nReconhecida como um dos principais cartões-postais da cidade, a Cachoeira do Salto reúne beleza cênica, infraestrutura e fácil acesso, proporcionando aos visitantes uma das experiências mais marcantes do turismo ecológico no sul de Minas Gerais. 🌿💦🏞️\r\n', 'ponto_6a3d38291cfb25.73747801.jpg', 'Estrada Municipal Pedro Rosa da Silva, Km 7 – Bairro Salto, Extrema – MG, CEP 37640-000', 'Salto', -22.88090000, -46.34390000, '8h às 18h', 'GRATUITO', '', '(35) 3435-3711', '(35) 3435-3711', '', '', 0, 0, 0, 1, 1, 1, 0, '2026-06-25 11:16:09', NULL),
(2, 3, 'CACHOEIRA DO JAGUARI', 'cachoeira-do-jaguari', 'A Cachoeira do Jaguari é um refúgio natural dentro da cidade de Extrema, com fácil acesso, trilhas leves e decks de observação, perfeito para passeios tranquilos e fotos em meio à natureza.', 'O Parque Municipal da Cachoeira do Jaguari reúne uma área de lazer e natureza às margens do rio Jaguari, com trilhas, passarelas de madeira e mirantes que permitem observar a queda d’água e o fluxo do rio com segurança.\r\n\r\nO espaço conta com infraestrutura para visitantes, incluindo estacionamento, sanitários, áreas de descanso, playground, academia ao ar livre e pontos de contemplação. O ambiente é ideal para caminhadas leves, passeios em família e fotografia.\r\n\r\nApesar da beleza, a cachoeira não é indicada para banho, devido à correnteza forte e pedras escorregadias. O foco do local é a contemplação da paisagem e o turismo ecológico.\r\n\r\nÉ um dos pontos mais acessíveis de Extrema, muito procurado por moradores e turistas que desejam uma experiência rápida, segura e próxima da natureza.', 'ponto_6a3d55fee71795.57772286.jpg', 'Estrada Municipal Sebastião Thomaz da Silva, nº 282 – Bairro Ponte Nova Extrema – MG, CEP 37640-000', 'Ponte Nova', -22.85690000, -46.32420000, '08h às 17h', 'CONSULTAR', '', '(35) 3435-4914', '(35) 3435-4914', '', '', 0, 0, 0, 1, 0, 1, 0, '2026-06-25 13:23:11', '2026-06-25 13:23:48'),
(3, 1, 'PICO DOS CABRITOS', 'pico-dos-cabritos', 'O Pico dos Cabritos é um dos pontos mais altos e conhecidos de Extrema, com cerca de 1.470 metros de altitude, famoso pela vista panorâmica da Serra da Mantiqueira e pela rampa natural de voo livre (parapente e asa delta).', 'O Parque Ecológico Pico dos Cabritos é uma área privada localizada na zona rural de Extrema, dentro da APA Fernão Dias. O local abriga o famoso Pico dos Cabritos, uma formação rochosa que oferece uma das vistas mais impressionantes da região, com visão ampla de montanhas, vales e até do mar de nuvens em dias específicos.\r\n\r\nO grande destaque do local é a rampa natural de decolagem para voo livre, muito utilizada por praticantes de parapente e asa delta. O ponto é considerado técnico em alguns dias, devido às condições de vento e térmica, sendo bastante frequentado por pilotos experientes e escolas de voo.\r\n\r\nAlém da rampa, o espaço conta com trilhas ecológicas, áreas de contemplação, restaurante e estrutura de pousada/spa, integrando turismo de aventura e natureza. O acesso é controlado, por ser propriedade privada, e muitas vezes é necessário agendamento ou acompanhamento de guia.', 'ponto_6a3d7695ea1fc5.42460419.jpg', 'Alameda das Acácias, 777 – Bairro Vila Rica Extrema – MG, CEP 37640-000', 'Vila Rica', -22.86438200, -46.29805000, '24H', 'CONSULTAR', '', ' (35) 3435-5591', '', '', 'http://www.picodoscabritos.com.br', 0, 0, 0, 0, 0, 1, 0, '2026-06-25 15:42:29', NULL),
(4, 2, 'PEDRA DAS FLORES', 'pedra-das-flores', 'A Pedra das Flores é um dos mirantes naturais mais impressionantes de Extrema, localizada na Serra do Lopo, com cerca de 1.600 metros de altitude, oferecendo vista panorâmica da Serra da Mantiqueira e trilha de nível moderado em meio à natureza.', 'A Pedra das Flores é um afloramento rochoso localizado na região da Serra do Lopo, em Extrema, e se destaca como um dos pontos mais bonitos para contemplação da cidade. O local é conhecido pela combinação de paisagens abertas, vegetação nativa e formações rochosas que criam um cenário ideal para trilhas, fotografia e contato com a natureza.\r\n\r\nO nome “Pedra das Flores” vem da vegetação que cresce ao longo da trilha e do topo, com espécies como orquídeas e bromélias que tornam o ambiente ainda mais especial. Do alto, é possível ter uma vista ampla da região, incluindo outras montanhas, vales e pontos turísticos próximos.\r\n\r\nA trilha até o cume é considerada de nível moderado, com aproximadamente 5 km (ida e volta), exigindo preparo físico básico, mas recompensando o visitante com um dos visuais mais bonitos da Serra da Mantiqueira. É muito procurada para nascer e pôr do sol, além de atividades como trekking e contemplação.\r\n\r\nO acesso geralmente é feito com apoio de guias ou agências de turismo locais, já que a área faz parte de uma região de preservação e trilhas compartilhadas com outros atrativos da Serra do Lopo.', 'ponto_6a3d772aeecba6.47899701.jpg', 'Serra do Lopo – Estrada da Embratel, s/nº Bairro rural – Extrema/MG, CEP 37640-000', 'RURAL', -22.87000000, -46.30000000, '24H', 'CONSULTAR', '', '(35) 3435-4914', '', '', 'turismo@extrema.mg.gov.br', 0, 0, 0, 0, 0, 1, 0, '2026-06-25 15:44:58', '2026-06-25 15:45:28');

-- --------------------------------------------------------

--
-- Estrutura para tabela `ponto_turistico_imagens`
--

CREATE TABLE `ponto_turistico_imagens` (
  `id` int(11) NOT NULL,
  `ponto_id` int(11) NOT NULL,
  `imagem` varchar(255) NOT NULL,
  `legenda` varchar(180) DEFAULT NULL,
  `ordem` int(11) DEFAULT 0,
  `criado_em` datetime DEFAULT current_timestamp()
) ENGINE=InnoDB DEFAULT CHARSET=utf8mb4 COLLATE=utf8mb4_unicode_ci;

-- --------------------------------------------------------

--
-- Estrutura para tabela `roteiros`
--

CREATE TABLE `roteiros` (
  `id` int(11) NOT NULL,
  `titulo` varchar(180) NOT NULL,
  `slug` varchar(200) NOT NULL,
  `resumo` varchar(255) DEFAULT NULL,
  `descricao` text DEFAULT NULL,
  `imagem_capa` varchar(255) DEFAULT NULL,
  `duracao` varchar(80) DEFAULT NULL,
  `perfil` enum('FAMILIA','CASAL','AVENTURA','GASTRONOMIA','ECONOMICO','CULTURAL','NATUREZA','GERAL') DEFAULT 'GERAL',
  `destaque` tinyint(1) DEFAULT 0,
  `ativo` tinyint(1) DEFAULT 1,
  `ordem` int(11) DEFAULT 0,
  `criado_em` datetime DEFAULT current_timestamp()
) ENGINE=InnoDB DEFAULT CHARSET=utf8mb4 COLLATE=utf8mb4_unicode_ci;

-- --------------------------------------------------------

--
-- Estrutura para tabela `roteiro_itens`
--

CREATE TABLE `roteiro_itens` (
  `id` int(11) NOT NULL,
  `roteiro_id` int(11) NOT NULL,
  `ponto_id` int(11) DEFAULT NULL,
  `empresa_id` int(11) DEFAULT NULL,
  `titulo` varchar(180) DEFAULT NULL,
  `descricao` text DEFAULT NULL,
  `horario_sugerido` varchar(80) DEFAULT NULL,
  `ordem` int(11) DEFAULT 0
) ENGINE=InnoDB DEFAULT CHARSET=utf8mb4 COLLATE=utf8mb4_unicode_ci;

-- --------------------------------------------------------

--
-- Estrutura para tabela `telefones_uteis`
--

CREATE TABLE `telefones_uteis` (
  `id` int(11) NOT NULL,
  `nome` varchar(150) NOT NULL,
  `categoria` varchar(100) DEFAULT NULL,
  `telefone` varchar(50) DEFAULT NULL,
  `whatsapp` varchar(50) DEFAULT NULL,
  `endereco` varchar(255) DEFAULT NULL,
  `horario` varchar(150) DEFAULT NULL,
  `icone` varchar(80) DEFAULT NULL,
  `destaque` tinyint(1) DEFAULT 0,
  `ativo` tinyint(1) DEFAULT 1,
  `ordem` int(11) DEFAULT 0
) ENGINE=InnoDB DEFAULT CHARSET=utf8mb4 COLLATE=utf8mb4_unicode_ci;

--
-- Despejando dados para a tabela `telefones_uteis`
--

INSERT INTO `telefones_uteis` (`id`, `nome`, `categoria`, `telefone`, `whatsapp`, `endereco`, `horario`, `icone`, `destaque`, `ativo`, `ordem`) VALUES
(1, 'PREFEITURA DE EXTREMA', 'INSTITUCIONAL', '(35) 3435-1911', '(35) 3435-1911', 'Av Delegado Waldemar Gomes Pinto, nº 1.624, no bairro Ponte Nova (Praça dos Três Poderes)', '', 'fa-building-columns', 1, 1, 1),
(2, 'POLÍCIA MILITAR', 'SEGURANÇA', '190', '', 'Avenida Higino Saes Peres, 27 - Ponte Nova', '', 'fa-shield-halved', 1, 1, 2),
(3, 'BOMBEIROS', 'EMERGÊNCIA', '193', '(35) 3435-3420', 'Estrada Municipal Benedito Thomás da Silva, 45 - Ponte Alta', '', 'fa-fire-extinguisher', 1, 1, 3),
(4, 'SAMU', 'EMERGÊNCIA', '192', '', 'Rua Presidente Kennedy, 355 - Centro', '', 'fa-truck-medical', 1, 1, 4),
(5, 'DEFESA CIVIL', 'EMERGÊNCIA', '(35) 3435-5729', '(35) 9 8861-9514', 'Rua Pau Brasil, 245 - Vila Rica', '', 'fa-phone', 0, 1, 5),
(6, 'PRONTO SOCORRO', 'EMERGÊNCIA', '(35) 3435-2006', '(35) 3435-2006', 'Av. Nicolau Cesarino, 4.000 – Jd. Bela Vista', '', 'fa-kit-medical', 0, 1, 6),
(7, 'Centro de Especialidades Médicas', 'SAÚDE', '(35) 99931-1194', '(35) 99931-1194', 'Rua Vinte e Dois de Julho, 343 - Centro', '', 'fa-kit-medical', 0, 1, 7),
(8, 'Centro de Especialidades Odontológicas', 'SAÚDE', '(35) 3435-6245', '(35) 3435-6245', 'Rua Presidente Kennedy, 355 - Centro', '', 'fa-kit-medical', 0, 1, 8),
(9, 'Farmácia de Minas', 'SAÚDE', '(35) 3435-6233', '(35) 3435-6233', 'Avenida da Saudade, 200 - Centro', '', 'fa-kit-medical', 0, 1, 9);

--
-- Índices para tabelas despejadas
--

--
-- Índices de tabela `banners_home`
--
ALTER TABLE `banners_home`
  ADD PRIMARY KEY (`id`);

--
-- Índices de tabela `categorias_empresas`
--
ALTER TABLE `categorias_empresas`
  ADD PRIMARY KEY (`id`);

--
-- Índices de tabela `categorias_eventos`
--
ALTER TABLE `categorias_eventos`
  ADD PRIMARY KEY (`id`);

--
-- Índices de tabela `categorias_turismo`
--
ALTER TABLE `categorias_turismo`
  ADD PRIMARY KEY (`id`);

--
-- Índices de tabela `configuracoes_site`
--
ALTER TABLE `configuracoes_site`
  ADD PRIMARY KEY (`id`);

--
-- Índices de tabela `empresas`
--
ALTER TABLE `empresas`
  ADD PRIMARY KEY (`id`),
  ADD UNIQUE KEY `slug` (`slug`),
  ADD KEY `idx_empresas_categoria` (`categoria_id`),
  ADD KEY `idx_empresas_ativo_destaque` (`ativo`,`destaque`);

--
-- Índices de tabela `empresa_imagens`
--
ALTER TABLE `empresa_imagens`
  ADD PRIMARY KEY (`id`),
  ADD KEY `empresa_id` (`empresa_id`);

--
-- Índices de tabela `eventos`
--
ALTER TABLE `eventos`
  ADD PRIMARY KEY (`id`),
  ADD UNIQUE KEY `slug` (`slug`),
  ADD KEY `idx_eventos_data` (`data_inicio`),
  ADD KEY `idx_eventos_categoria` (`categoria_id`),
  ADD KEY `idx_eventos_ativo_destaque` (`ativo`,`destaque`);

--
-- Índices de tabela `faq`
--
ALTER TABLE `faq`
  ADD PRIMARY KEY (`id`);

--
-- Índices de tabela `mensagens_contato`
--
ALTER TABLE `mensagens_contato`
  ADD PRIMARY KEY (`id`);

--
-- Índices de tabela `noticias`
--
ALTER TABLE `noticias`
  ADD PRIMARY KEY (`id`),
  ADD UNIQUE KEY `slug` (`slug`),
  ADD KEY `idx_noticias_ativo_destaque` (`ativo`,`destaque`);

--
-- Índices de tabela `paginas`
--
ALTER TABLE `paginas`
  ADD PRIMARY KEY (`id`),
  ADD UNIQUE KEY `slug` (`slug`);

--
-- Índices de tabela `pontos_turisticos`
--
ALTER TABLE `pontos_turisticos`
  ADD PRIMARY KEY (`id`),
  ADD UNIQUE KEY `slug` (`slug`),
  ADD KEY `idx_pontos_categoria` (`categoria_id`),
  ADD KEY `idx_pontos_ativo_destaque` (`ativo`,`destaque`);

--
-- Índices de tabela `ponto_turistico_imagens`
--
ALTER TABLE `ponto_turistico_imagens`
  ADD PRIMARY KEY (`id`),
  ADD KEY `ponto_id` (`ponto_id`);

--
-- Índices de tabela `roteiros`
--
ALTER TABLE `roteiros`
  ADD PRIMARY KEY (`id`),
  ADD UNIQUE KEY `slug` (`slug`);

--
-- Índices de tabela `roteiro_itens`
--
ALTER TABLE `roteiro_itens`
  ADD PRIMARY KEY (`id`),
  ADD KEY `roteiro_id` (`roteiro_id`),
  ADD KEY `ponto_id` (`ponto_id`),
  ADD KEY `empresa_id` (`empresa_id`);

--
-- Índices de tabela `telefones_uteis`
--
ALTER TABLE `telefones_uteis`
  ADD PRIMARY KEY (`id`);

--
-- AUTO_INCREMENT para tabelas despejadas
--

--
-- AUTO_INCREMENT de tabela `banners_home`
--
ALTER TABLE `banners_home`
  MODIFY `id` int(11) NOT NULL AUTO_INCREMENT;

--
-- AUTO_INCREMENT de tabela `categorias_empresas`
--
ALTER TABLE `categorias_empresas`
  MODIFY `id` int(11) NOT NULL AUTO_INCREMENT, AUTO_INCREMENT=8;

--
-- AUTO_INCREMENT de tabela `categorias_eventos`
--
ALTER TABLE `categorias_eventos`
  MODIFY `id` int(11) NOT NULL AUTO_INCREMENT, AUTO_INCREMENT=8;

--
-- AUTO_INCREMENT de tabela `categorias_turismo`
--
ALTER TABLE `categorias_turismo`
  MODIFY `id` int(11) NOT NULL AUTO_INCREMENT, AUTO_INCREMENT=7;

--
-- AUTO_INCREMENT de tabela `configuracoes_site`
--
ALTER TABLE `configuracoes_site`
  MODIFY `id` int(11) NOT NULL AUTO_INCREMENT, AUTO_INCREMENT=2;

--
-- AUTO_INCREMENT de tabela `empresas`
--
ALTER TABLE `empresas`
  MODIFY `id` int(11) NOT NULL AUTO_INCREMENT, AUTO_INCREMENT=10;

--
-- AUTO_INCREMENT de tabela `empresa_imagens`
--
ALTER TABLE `empresa_imagens`
  MODIFY `id` int(11) NOT NULL AUTO_INCREMENT;

--
-- AUTO_INCREMENT de tabela `eventos`
--
ALTER TABLE `eventos`
  MODIFY `id` int(11) NOT NULL AUTO_INCREMENT, AUTO_INCREMENT=7;

--
-- AUTO_INCREMENT de tabela `faq`
--
ALTER TABLE `faq`
  MODIFY `id` int(11) NOT NULL AUTO_INCREMENT, AUTO_INCREMENT=4;

--
-- AUTO_INCREMENT de tabela `mensagens_contato`
--
ALTER TABLE `mensagens_contato`
  MODIFY `id` int(11) NOT NULL AUTO_INCREMENT;

--
-- AUTO_INCREMENT de tabela `noticias`
--
ALTER TABLE `noticias`
  MODIFY `id` int(11) NOT NULL AUTO_INCREMENT;

--
-- AUTO_INCREMENT de tabela `paginas`
--
ALTER TABLE `paginas`
  MODIFY `id` int(11) NOT NULL AUTO_INCREMENT, AUTO_INCREMENT=4;

--
-- AUTO_INCREMENT de tabela `pontos_turisticos`
--
ALTER TABLE `pontos_turisticos`
  MODIFY `id` int(11) NOT NULL AUTO_INCREMENT, AUTO_INCREMENT=5;

--
-- AUTO_INCREMENT de tabela `ponto_turistico_imagens`
--
ALTER TABLE `ponto_turistico_imagens`
  MODIFY `id` int(11) NOT NULL AUTO_INCREMENT;

--
-- AUTO_INCREMENT de tabela `roteiros`
--
ALTER TABLE `roteiros`
  MODIFY `id` int(11) NOT NULL AUTO_INCREMENT;

--
-- AUTO_INCREMENT de tabela `roteiro_itens`
--
ALTER TABLE `roteiro_itens`
  MODIFY `id` int(11) NOT NULL AUTO_INCREMENT;

--
-- AUTO_INCREMENT de tabela `telefones_uteis`
--
ALTER TABLE `telefones_uteis`
  MODIFY `id` int(11) NOT NULL AUTO_INCREMENT, AUTO_INCREMENT=10;

--
-- Restrições para tabelas despejadas
--

--
-- Restrições para tabelas `empresas`
--
ALTER TABLE `empresas`
  ADD CONSTRAINT `empresas_ibfk_1` FOREIGN KEY (`categoria_id`) REFERENCES `categorias_empresas` (`id`) ON DELETE SET NULL;

--
-- Restrições para tabelas `empresa_imagens`
--
ALTER TABLE `empresa_imagens`
  ADD CONSTRAINT `empresa_imagens_ibfk_1` FOREIGN KEY (`empresa_id`) REFERENCES `empresas` (`id`) ON DELETE CASCADE;

--
-- Restrições para tabelas `eventos`
--
ALTER TABLE `eventos`
  ADD CONSTRAINT `eventos_ibfk_1` FOREIGN KEY (`categoria_id`) REFERENCES `categorias_eventos` (`id`) ON DELETE SET NULL;

--
-- Restrições para tabelas `pontos_turisticos`
--
ALTER TABLE `pontos_turisticos`
  ADD CONSTRAINT `pontos_turisticos_ibfk_1` FOREIGN KEY (`categoria_id`) REFERENCES `categorias_turismo` (`id`) ON DELETE SET NULL;

--
-- Restrições para tabelas `ponto_turistico_imagens`
--
ALTER TABLE `ponto_turistico_imagens`
  ADD CONSTRAINT `ponto_turistico_imagens_ibfk_1` FOREIGN KEY (`ponto_id`) REFERENCES `pontos_turisticos` (`id`) ON DELETE CASCADE;

--
-- Restrições para tabelas `roteiro_itens`
--
ALTER TABLE `roteiro_itens`
  ADD CONSTRAINT `roteiro_itens_ibfk_1` FOREIGN KEY (`roteiro_id`) REFERENCES `roteiros` (`id`) ON DELETE CASCADE,
  ADD CONSTRAINT `roteiro_itens_ibfk_2` FOREIGN KEY (`ponto_id`) REFERENCES `pontos_turisticos` (`id`) ON DELETE SET NULL,
  ADD CONSTRAINT `roteiro_itens_ibfk_3` FOREIGN KEY (`empresa_id`) REFERENCES `empresas` (`id`) ON DELETE SET NULL;
COMMIT;

